24*u + 4. What is the tens digit of a(q)?
3
Suppose -5*s + 10 = 5*r - s, 5*r = 4*s + 10. Suppose -y = j - 457, -1628 = -4*y - r*j + 208. What is the units digit of y?
1
Let h(q) = 2*q**3 - 6*q**2 + q - 1. Let v be h(3). Suppose -5*a + 19 = 4*s, -4*s + 3*s = -v*a - 8. What is the units digit of s?
6
What is the thousands digit of -6*(-927)/72*-4*-27*6?
0
Let n = -91264 - -155913. What is the units digit of n?
9
Let l = 226 + -224. Suppose -5*x = -3*t + 6*t - 6916, 0 = 2*x + l*t - 2768. What is the tens digit of x?
8
Let d be (-1 - -2) + 1 - -3. Suppose -d*p + q = 55, 4*q + 37 = -p - q. What is the tens digit of (-24)/(0 + p/32)*2?
2
Suppose 7895 + 103255 = 9*g. What is the hundreds digit of g?
3
Let q(h) = 3*h + 1. Suppose -3*u + 4*u = 4*x - 41, 4*x = -4*u + 16. Let s(g) = -g**2 + 8*g + 12. Let w be s(x). What is the tens digit of q(w)?
1
Let t be ((-35)/(-35) + 1/6)*6. What is the tens digit of 99 - (7 - 6) - t?
9
Suppose -350*s = -314*s - 2088828. What is the hundreds digit of s?
0
Suppose -1927 = -a - 5*k + 1460, 20217 = 6*a - 5*k. What is the thousands digit of a?
3
Suppose 2*i = -0*i. Suppose -4*v + 1016 = -4*d, 5*d + i*d + v = -1276. What is the tens digit of (d/10)/((-12)/16)?
3
Let w = 133 + -116. Suppose w*f - 4*f - 2886 = 0. What is the units digit of f?
2
What is the thousands digit of 213027/9 - (20 + 938/(-42))?
3
Let h = -14060 - -40231. What is the ten thousands digit of h?
2
What is the ten thousands digit of (((-2)/(-8))/((-153)/(-204)))/((-1)/(-70341))?
2
Suppose -5*m + 15 = 0, -m + 5*m = -4*h + 3440. Suppose -j + h = 15*i - 13*i, -2*j + 4*i = -1754. What is the hundreds digit of j?
8
Suppose 300*j = 189*j + 534465. What is the hundreds digit of j?
8
Let o(p) = 145*p + 6. Let d(y) = -73*y - 3. Let q(n) = 5*d(n) + 3*o(n). Suppose -2019*j + 3 = -2016*j. What is the units digit of q(j)?
3
Let i(t) = 2*t**3 - 71*t**2 + 186*t - 346. What is the thousands digit of i(49)?
3
Let c be 6 - -1 - (0 + 2 + -4). Suppose -6*r - 33 = -c*r. Suppose -47 - 877 = -r*v. What is the tens digit of v?
8
Let j(a) = -a**2 + 9*a + 8. Let l be j(-1). What is the tens digit of (-445)/l*(4 + -1 - 1)?
4
Let k(x) = -19*x - 8. Let o be k(4). What is the tens digit of 3456/o*(2 - (-60)/(-9))?
9
Suppose 8*t - 39 - 41 = 0. Suppose u - 9 = -t. What is the units digit of 632/28 - (6/(-14) - u)?
2
Suppose 0 = -2*u - 8*u + 5860. Suppose u = 5*q - 4*p, -4*p + 49 = 3*q - 277. What is the units digit of q?
4
Let r be (-6)/14 + 12/28. Let d = -42 - -56. Suppose -y + 18 + d = r. What is the units digit of y?
2
Suppose -9*x = -12*x + 15. Suppose -4*o = -20, -y + 0*o + 43 = x*o. Suppose g - 24 = -y. What is the units digit of g?
6
Let u(y) = 3*y**2 - 18*y + 310. Let a = -106 - -121. What is the hundreds digit of u(a)?
7
Let u = 85 - 79. Suppose 14 = -u*d + 26. What is the units digit of d?
2
What is the ten thousands digit of (-45)/(-240) + (-5452923)/(-112)?
4
Suppose -23335 - 6345 = -10*d. Let w = 4863 - d. What is the hundreds digit of w?
8
Let c be (-5)/(5/4) + 0. What is the tens digit of (c + -1 - -2)*-119?
5
Let v(k) = -31*k + 49. Let w be v(-5). Suppose -w - 69 = -q. What is the units digit of q?
3
Let b = -45 - -42. Let n be (-1 - (b - (1 + -3)))/1. Suppose -7*c + 2*c + 560 = n. What is the units digit of c?
2
Let w = -45 + 50. Let i(s) = -1 + 5*s - 2 + w*s**2 + 2. What is the units digit of i(-4)?
9
Let g(w) = -33*w**3 + 5*w**2 + 22*w + 4. Suppose 3 = -16*d + 15*d. What is the units digit of g(d)?
4
Let x(q) = 839*q - 671. What is the tens digit of x(10)?
1
Let z(y) = y**2 + 6*y - 7. Let c be z(-6). What is the tens digit of -2199*(c - 120/(-18))?
3
Let q(z) = -17*z + 22. Let l be q(-12). Let h = l - 175. What is the tens digit of h?
5
Let d(j) = j**3 + 73*j**2 + 59*j - 33. What is the thousands digit of d(-67)?
2
Let d be (18 - 17) + (-2)/(-1). Let o be (-3)/(d + 0) + 4. Suppose o*s - s = 36. What is the units digit of s?
8
Let t(x) be the second derivative of x**5/20 + x**4/12 - x**3 - 8*x. Let i be t(-3). Suppose i = 5*w + w - 162. What is the units digit of w?
7
Suppose -100 + 740 = 4*q. Suppose -n + u = -q, u + 0*u + 652 = 4*n. Let t = n + -70. What is the units digit of t?
4
Let v(i) = -1. Let o(q) = -q + 9. Let h(j) = -o(j) + 5*v(j). Let n be h(14). Suppose n*z + 120 = 4*z. What is the tens digit of z?
3
Let b(y) = -y**2 - 6*y - 373. Let w be b(0). Let t = -9 - w. What is the tens digit of t?
6
Let l(v) = v**3 - 11*v**2 + 13*v - 24. Let x be l(10). Suppose s = -w + x, 12*s - 14*s - 12 = -4*w. What is the units digit of s?
2
Let u = -4 + 6. Suppose 3*w = -2*w, q - 2*w = 6*q + 20. What is the units digit of q - -1 - u - -189?
4
Suppose -104*g + 111*g = 56. What is the tens digit of 302/((2 - -2)/g)?
0
Let p = 1918 - 846. Suppose 5*j + o + 2*o = p, 840 = 4*j - 2*o. What is the hundreds digit of j?
2
Let c(f) = 125*f**2 - 2*f + 3. Let q be c(-3). Let b = -637 + q. What is the units digit of b?
7
Let q be 30979/(-78) + (-4)/(-24). Let x = q - -2100. What is the tens digit of x?
0
Let m = 49420 + -18584. What is the units digit of m?
6
Suppose 2*q = 3*b - 26256, 3*b + 6*q = 10*q + 26268. What is the hundreds digit of b?
7
Let l = 11954 + -4125. What is the tens digit of l?
2
Suppose 224183 - 50555 = 34*m + 44*m. What is the hundreds digit of m?
2
Let v = -25414 + 50297. What is the ten thousands digit of v?
2
Suppose 5*o + 590 = 9355. Let z = o + -1092. What is the units digit of z?
1
Let g be (-884650)/195*(-12)/10. Suppose 0 = -5*y - s + 4*s + 6799, 0 = -4*y + 4*s + g. What is the units digit of y?
8
What is the ten thousands digit of -20 + (-342)/(-9) - -25932?
2
Let c(h) = 42*h**2 + 11*h - 19. Let l be c(2). Let j = 215 - l. What is the units digit of j?
4
Let d = 137 + -134. Suppose d*z = -0*z - 0*z. Suppose z = 7*v - v - 1074. What is the tens digit of v?
7
Suppose 303*i - 121778 = -3393 + 160375. What is the hundreds digit of i?
9
Suppose 2*v = -4*a, -3*a + 10 = 5*v - v. Suppose 0 = -v*x + 3594 - 514. What is the hundreds digit of x?
7
Let f(d) = 6*d + 4 + 0 + 1 - 2. Let q be f(0). Suppose -5*p - 593 = -q*u, 2*u + 0*u + 5*p - 387 = 0. What is the units digit of u?
6
Suppose 0 = -4*g - j + 100057, -4*g + 100062 = -11*j + 13*j. What is the units digit of g?
3
Let a = 1130 - -419. What is the tens digit of a?
4
Suppose 5*y - 119012 = -3*r, 4*y = -r + 38255 + 1425. What is the hundreds digit of r?
6
Let l(s) = -9*s + 212. Suppose 4*z + 78 = 4*r - 6*r, -4*r = -5*z + 156. What is the hundreds digit of l(r)?
5
Let r = 80 + -105. Let k be (24 - (0 + 3))*r/(-3). Suppose -10*n + 9*n = -k. What is the hundreds digit of n?
1
Let h = -364 - -383. Suppose -4*d - 4*p = -1900, 0 = 4*p - h + 7. What is the units digit of d?
2
Let x = -12479 + 51320. What is the ten thousands digit of x?
3
Suppose -85*d + 40*d + 10843680 = 115*d. What is the units digit of d?
3
Suppose -252402 = -23*o - 46*o. What is the units digit of o?
8
Let s(b) = b - 1. Let r(k) = -k + 18. Let o(l) = 2*r(l) + 4*s(l). Let z be o(0). Let u = z - -192. What is the hundreds digit of u?
2
Suppose -3*v - 2*m - 11200 = -38042, -4*v + 3*m + 35761 = 0. What is the units digit of v?
4
Let s be ((-95)/(-10))/(3/984). What is the tens digit of s/10 + ((-480)/50 - -9)?
1
Suppose 43*z = 21*z + 305712. What is the hundreds digit of z?
8
Let f = 9968 + -591. What is the hundreds digit of f?
3
Suppose -12*u + 9*u - 2*s + 8 = 0, -4*u = 2*s - 12. What is the hundreds digit of (-3)/2*(-182 + u - -8)?
2
Suppose -3*z = 4*i - 13430, 5*z + 3507 = 3*i - 6551. Let w = i + -1755. What is the tens digit of w?
0
Suppose j + b - 5147 = 3225, -3*j - 6*b + 25116 = 0. What is the hundreds digit of j?
3
What is the thousands digit of (-396)/(-66) - (-6034 + -3)?
6
Let f(y) = -y**3 + 20*y**2 + 20*y + 23. Let b be f(21). Suppose -186 + 2 = -b*w. What is the tens digit of w?
9
Suppose 5*c = 8*d - 3*d + 50, -5*d - 25 = 0. Suppose c*b + 94 = 4*o - 196, 0 = 3*o + 5*b - 200. What is the tens digit of o?
7
Let j(t) = -2*t**3 + 9*t**2 - 12*t - 9. Let a be j(5). Let k = 86 - a. What is the units digit of k?
0
Let s = -12176 - -26392. What is the ten thousands digit of s?
1
Let a(p) = 21*p**2 - 17*p - 8. Let d(c) = -3*c**2 - c + 1. Let t(r) = a(r) - 3*d(r). What is the tens digit of t(6)?
8
Let o = 48361 - 8463. What is the units digit of o